-207).
-1
Let p(g) = 229*g - 8018. Determine p(35).
-3
Let s(n) = -n**2 + 16*n + 565. Calculate s(33).
4
Let p(m) = -m**2 - 11*m + 15. Determine p(-12).
3
Let u(c) = 773*c - 10068. Determine u(13).
-19
Let b(u) = -3*u**3 + 3*u**2 + u - 67. What is b(0)?
-67
Let q(b) = 20*b + 739. Give q(-15).
439
Let r(z) = -77*z**2 - 232*z + 7. Determine r(-3).
10
Let v(x) = -8296*x + 16591. Calculate v(2).
-1
Let p(k) = 20*k**2 + 116*k + 82. Give p(-5).
2
Let y(h) = 62*h + 442. Determine y(-7).
8
Let h(w) = -3*w**2 + 17*w + 94. Calculate h(-5).
-66
Let x(a) = -2*a + 139. Calculate x(9).
121
Let x(b) = 102*b + 592. What is x(-5)?
82
Let z(m) = m**2 - 407*m + 1217. Calculate z(3).
5
Let c(b) = b**3 + 12*b**2 + 31*b + 94. Determine c(-10).
-16
Let i(h) = 27*h - 434. Determine i(16).
-2
Let s(f) = 3*f**3 + 14*f**2 + 16*f + 3. Determine s(-1).
-2
Let n(r) = 2*r**2 + 134*r + 935. Calculate n(-8).
-9
Let c(t) = -165*t - 11061. Give c(-67).
-6
Let t(i) = -13*i**2 - 496*i + 4686. Determine t(-46).
-6
Let j(u) = -u**3 + 31*u**2 + 99*u + 81. What is j(34)?
-21
Let w(z) = -43*z**3 + 4*z**2 + 2*z - 3. Calculate w(-1).
42
Let j(f) = 5*f + 121. What is j(-4)?
101
Let v(n) = -55*n**3 - 4*n - 5. What is v(-1)?
54
Let f(j) = j**3 - 339*j**2 + 9264*j + 1865. Give f(309).
11
Let c(s) = 4*s**2 - 22*s - 218. Determine c(-5).
-8
Let z(v) = 25*v + 555. Determine z(-26).
-95
Let s(y) = 6243*y + 49949. Determine s(-8).
5
Let n(c) = 33*c - 563. What is n(39)?
724
Let w(z) = -z**2 - 38*z - 156. What is w(-35)?
-51
Let c(h) = -h**3 + 16*h**2 - h - 166. Calculate c(15).
44
Let n(t) = -2*t**2 + 36*t + 127. Calculate n(21).
1
Let n(g) = -45*g - 2385. Calculate n(-53).
0
Let q(f) = -4*f**2 - 110*f + 1903. Give q(12).
7
Let s(o) = -3*o + 109. What is s(43)?
-20
Let p(q) = -25*q - 607. Calculate p(-24).
-7
Let h(g) = -g**3 + 13*g**2 - 346*g + 4497. Give h(13).
-1
Let q(z) = z**2 - 29*z - 213. Determine q(35).
-3
Let w(c) = c**2 - 75*c - 1040. What is w(87)?
4
Let j(v) = v**3 - 14*v**2 - 15*v + 25. What is j(15)?
25
Let k(g) = g**3 - g + 1. What is k(-2)?
-5
Let d(z) = 54*z**2 - 324*z - 19. What is d(6)?
-19
Let m(f) = f**3 + 5*f**2 + 8*f - 10. Calculate m(-3).
-16
Let p(d) = -d**3 - 26*d**2 - 2*d + 28. What is p(-26)?
80
Let b(k) = -k**3 - 17*k**2 - 24*k + 401. Calculate b(-8).
17
Let w(k) = -506*k - 52629. Give w(-104).
-5
Let q(m) = 145*m - 2320. Give q(16).
0
Let s(y) = 3*y**2 - 18*y + 5. Calculate s(8).
53
Let f(k) = -11*k + 204. Give f(24).
-60
Let s(g) = -98*g + 911. Calculate s(11).
-167
Let l(t) = -2606*t - 26083. Calculate l(-10).
-23
Let g(r) = 67*r - 107. Calculate g(6).
295
Let n(r) = r**3 - 9*r**2 - 76*r + 50. What is n(14)?
-34
Let x(b) = -277*b + 1950. What is x(7)?
11
Let j(x) = x**2 + 18*x - 9. What is j(-17)?
-26
Let y(f) = -f**3 + 20*f**2 - 87*f - 62. Give y(15).
-242
Let l(u) = -3*u + 80. Calculate l(11).
47
Let l(r) = -r**3 - 15*r**2 - 28*r - 2. Determine l(-13).
24
Let o(r) = -63*r + 3. Calculate o(-1).
66
Let i(t) = -25*t**3 + 5*t**2 - 4*t. Give i(1).
-24
Let a(q) = -200*q - 59787. Determine a(-299).
13
Let p(m) = m**3 + m**2 - 5*m + 25. What is p(-5)?
-50
Let r(x) = 2*x**2 + 56*x - 456. Determine r(7).
34
Let f(k) = 2*k**3 + 34*k**2 - 87*k - 832. Determine f(-18).
86
Let b(l) = -56*l + 1096. Calculate b(24).
-248
Let x(t) = -2*t + 59. Give x(13).
33
Let m(k) = 2*k**3 + 25*k**2 + 13*k + 21. What is m(-12)?
9
Let i(a) = -2*a**2 + 57*a + 919. What is i(39)?
100
Let f(u) = 13*u**2 - 51*u + 18. Calculate f(4).
22
Let l(u) = -1194*u - 7158. Calculate l(-6).
6
Let x(m) = 6*m**3 + 68*m**2 - 55*m - 96. Determine x(-12).
-12
Let m(f) = -f**3 - 52*f**2 + 134*f + 1424. Determine m(-54).
20
Let w(g) = -726*g + 33. What is w(0)?
33
Let q(b) = -b**2 - 57*b - 357. What is q(-21)?
399
Let x(w) = 312*w + 2501. Calculate x(-8).
5
Let j(y) = -y**3 - 2*y**2 + 53*y + 11. Give j(-8).
-29
Let m(v) = -2*v**3 - 22*v**2 + 45*v + 244. Calculate m(-12).
-8
Let w(m) = -m**3 - 173*m**2 + 894*m + 708. Calculate w(-178).
-4
Let w(c) = 5950*c + 17705. Give w(-3).
-145
Let k(q) = q**2 + 523*q - 305547. Calculate k(350).
3
Let q(a) = -7*a**2 + 85*a - 89. Calculate q(11).
-1
Let b(h) = -14*h**2 - 76*h - 2. Determine b(3).
-356
Let y(g) = -3*g**3 - 14*g**2 - g + 11. What is y(-3)?
-31
Let c(o) = 3*o**3 + 155*o**2 + 307*o - 13. Calculate c(-2).
-31
Let c(d) = -d**3 - 3*d**2 + 2*d + 47. Determine c(-5).
87
Let z(c) = 13*c + 3. Determine z(-7).
-88
Let g(d) = 1851*d - 25910. What is g(14)?
4
Let i(t) = -t**3 + 31*t**2 + 66*t - 40. Give i(33).
-40
Let b(p) = -p**2 + 73*p + 41300. What is b(-170)?
-10
Let g(d) = -d**3 - 16*d**2 + 163*d - 36. What is g(7)?
-22
Let w(p) = -51*p + 3528. Calculate w(69).
9
Let a(w) = -96*w - 33. What is a(-1)?
63
Let n(i) = 117*i + 2493. Determine n(-21).
36
Let b(i) = i**2 - 5*i - 290. Give b(20).
10
Let x(b) = -2597*b - 10381. Determine x(-4).
7
Let c(b) = b**3 + 6*b**2 + 15*b + 74. What is c(-6)?
-16
Let q(u) = 7*u + 99. Calculate q(-72).
-405
Let o(c) = 67*c - 291. What is o(4)?
-23
Let c(u) = -u**3 - 2*u**2 - 3*u + 12. Give c(2).
-10
Let m(i) = -2*i**3 + 6*i**2 + 31*i - 1. Calculate m(-6).
461
Let j(x) = 25*x + 300. What is j(11)?
575
Let p(k) = -705*k + 12668. Give p(18).
-22
Let t(z) = 16708*z - 116950. Give t(7).
6
Let p(y) = 15*y**3 + y**2 + 2*y + 59. Give p(0).
59
Let g(n) = -3*n**2 + 6*n + 39. Give g(-5).
-66
Let z(n) = -n**3 + 26*n**2 - 168*n - 11. Give z(13).
2
Let x(w) = 5*w**2 - 377*w - 3805. Give x(-9).
-7
Let j(u) = 426*u + 17045. Calculate j(-40).
5
Let h(b) = -172*b + 1722. What is h(10)?
2
Let s(w) = 4*w - 222. Give s(58).
10
Let z(d) = -d - 112. Calculate z(8).
-120
Let y(v) = -701*v - 2112. Calculate y(-3).
-9
Let k(z) = 4*z - 156. Calculate k(53).
56
Let k(w) = 2*w**2 + 541*w + 1854. Calculate k(-267).
-15
Let j(z) = z**3 - 7*z**2 - 204*z + 1418. Calculate j(7).
-10
Let k(w) = -2756*w - 121261. Calculate k(-44).
3
Let z(h) = -h**2 + 15*h - 115. Determine z(9).
-61
Let s(x) = x**3 + 10*x**2 + 22*x - 4. What is s(-5)?
11
Let x(k) = 69*k - 523. Give x(6).
-109
Let i(y) = 3*y**2 - 1734*y + 6885. Give i(4).
-3
Let v(t) = t**3 + 28*t**2 + 125*t + 32. Determine v(-23).
-198
Let i(q) = 7*q**3 - 10*q**2 + 17*q + 11. Give i(4).
367
Let b(v) = -4*v + 338. Calculate b(53).
126
Let g(v) = v**2 + 100*v + 288. Calculate g(-3).
-3
Let o(p) = -p**2 + 544*p + 3843. Calculate o(-7).
-14
Let k(c) = c**2 - 16*c - 23. Calculate k(13).
-62
Let u(r) = -r**3 - 99*r**2 - 97*r + 138. Give u(-98).
40
Let z(c) = -c**3 - 14*c**2 - 79*c - 191. Determine z(-6).
-5
Let l(k) = k**2 + 37*k - 412. Give l(10).
58
Let o(f) = 16*f**2 - 414*f - 415. Give o(-1).
15
Let j(p) = 36*p - 431. Calculate j(12).
1
Let j(q) = 6*q**3 + 206*q**2 + 63*q - 155. Calculate j(-34).
15
Let s(o) = -4*o**3 - 8*o**2 + 38*o - 6. Determine s(4).
-238
Let g(u) = -39*u**2 + 526*u - 1048. Give g(2).
-152
Let t(l) = 83*l + 396. Calculate t(-5).
-19
Let s(w) = -w**3 - 9*w**2 - 65*w - 285. Determine s(-5).
-60
Let d(y) = -52*y - 3. What is d(0)?
-3
Let b(w) = 329*w + 2273. Determine b(-7).
-30
Let x(w) = -w**3 + 8*w**2 + 19*w - 166. What is x(5)?
4
Let b(z) = -z**2 + 102*z + 1251. What is b(-17)?
-772
Let x(q) = -641*q - 30762. Determine x(-48).
6
Let r(v) = 19*v**2 - 33*v + 93. Calculate r(3).
165
Let q(t) = -22*t + 88. What is q(4)?
0
Let w(l) = -220*l + 2123. What is w(10)?
-77
Let n(q) = q**3 - 103*q**2 - 159*q - 5334. Calculate n(105).
21
Let b(z) = -17*z**2 - 1042*z - 277. What is b(-61)?
28
Let c(o) = 35*o**2 + 1684*o + 192. What is c(-48)?
0
Let h(x) = x**3 + 74*x**2 + 195*x - 49. What is h(-3)?
5
Let k(j) = 2*j**3 - 9*j**2 - 4*j - 54. Calculate k(6).
30
Let w(p) = 2*p**3 - 18*p**2 + 11*p + 50. Give w(9).
149
Let k(s) = s**3 - 26*s**2 - 58*s - 116. Determine k(28).
-172
Let q(m) = 2*m**2 - 47*m - 258. What is q(28)?
-6
Let p(b) = 178*b + 937. Calculate p(-3).
403
Let z(t) = -t**3 + 171*t**2 - 7*t + 1204. What is z(171)?
7
Let x(p) = p**3 + 5*p**2 - 13*p - 65. What is x(-4)?
3
Let u(w) = -4*w**3 - 336*w**2 - 335*w - 14. Determine u(-83).
235
Let o(f) = -f**2 - 9*f + 6. Determine o(-14).
-64
Let z(r) = 17*r**3 - 4*r + 3. Determine z(1).
16
Let q(a) = -77*a + 5555. Calculate q(72).
11
Let k(h) = -2*h**3 + 21*h**2 + 29*h + 2. Give k(13).
-466
Let i(o) = -57*o**3 + 2*o**2 - 18*o - 19. Give i(-1).
58
Let b(l) = -78*l - 